{"id":6022,"date":"2023-11-23T17:15:22","date_gmt":"2023-11-23T16:15:22","guid":{"rendered":"https:\/\/triathlondugalondor.com\/?page_id=6022"},"modified":"2026-03-15T19:31:57","modified_gmt":"2026-03-15T18:31:57","slug":"triathlon-galon-or-origine-natation-velo-course-a-pied-competition","status":"publish","type":"page","link":"https:\/\/triathlondugalondor.com\/index.php\/triathlon-galon-or-origine-natation-velo-course-a-pied-competition\/","title":{"rendered":"Origine"},"content":{"rendered":"\t\t<div data-elementor-type=\"wp-page\" data-elementor-id=\"6022\" class=\"elementor elementor-6022\">\n\t\t\t\t\t\t<section class=\"elementor-section elementor-top-section elementor-element elementor-element-e99d960 elementor-section-boxed elementor-section-height-default elementor-section-height-default\" data-id=\"e99d960\" data-element_type=\"section\" data-e-type=\"section\">\n\t\t\t\t\t\t<div class=\"elementor-container elementor-column-gap-default\">\n\t\t\t\t\t<div class=\"elementor-column elementor-col-100 elementor-top-column elementor-element elementor-element-87a8deb\" data-id=\"87a8deb\" data-element_type=\"column\" data-e-type=\"column\">\n\t\t\t<div class=\"elementor-widget-wrap elementor-element-populated\">\n\t\t\t\t\t\t<div class=\"elementor-element elementor-element-2871702 elementor-widget elementor-widget-heading\" data-id=\"2871702\" data-element_type=\"widget\" data-e-type=\"widget\" data-widget_type=\"heading.default\">\n\t\t\t\t<div class=\"elementor-widget-container\">\n\t\t\t\t\t<h1 class=\"elementor-heading-title elementor-size-default\">LE Triathlon du Galon D'Or<\/h1>\t\t\t\t<\/div>\n\t\t\t\t<\/div>\n\t\t\t\t\t<\/div>\n\t\t<\/div>\n\t\t\t\t\t<\/div>\n\t\t<\/section>\n\t\t\t\t<section class=\"elementor-section elementor-top-section elementor-element elementor-element-50f27ef elementor-section-boxed elementor-section-height-default elementor-section-height-default\" data-id=\"50f27ef\" data-element_type=\"section\" data-e-type=\"section\">\n\t\t\t\t\t\t<div class=\"elementor-container elementor-column-gap-default\">\n\t\t\t\t\t<div class=\"elementor-column elementor-col-33 elementor-top-column elementor-element elementor-element-4e4f4b6\" data-id=\"4e4f4b6\" data-element_type=\"column\" data-e-type=\"column\">\n\t\t\t<div class=\"elementor-widget-wrap\">\n\t\t\t\t\t\t\t<\/div>\n\t\t<\/div>\n\t\t\t\t<div class=\"elementor-column elementor-col-33 elementor-top-column elementor-element elementor-element-fd0a0d9\" data-id=\"fd0a0d9\" data-element_type=\"column\" data-e-type=\"column\">\n\t\t\t<div class=\"elementor-widget-wrap elementor-element-populated\">\n\t\t\t\t\t\t<div class=\"elementor-element elementor-element-e825c5d elementor-widget elementor-widget-image\" data-id=\"e825c5d\" data-element_type=\"widget\" data-e-type=\"widget\" data-widget_type=\"image.default\">\n\t\t\t\t<div class=\"elementor-widget-container\">\n\t\t\t\t\t\t\t\t\t\t\t\t\t\t\t<img fetchpriority=\"high\" decoding=\"async\" width=\"1024\" height=\"574\" src=\"https:\/\/triathlondugalondor.com\/wp-content\/uploads\/2023\/12\/Photo-2018-laurents-1024x574.webp\" class=\"attachment-large size-large wp-image-7055\" alt=\"\u00e9preuve, comp\u00e9tition, Triathlon du galon d&#039;or origine\" srcset=\"https:\/\/triathlondugalondor.com\/wp-content\/uploads\/2023\/12\/Photo-2018-laurents-1024x574.webp 1024w, https:\/\/triathlondugalondor.com\/wp-content\/uploads\/2023\/12\/Photo-2018-laurents-300x168.webp 300w, https:\/\/triathlondugalondor.com\/wp-content\/uploads\/2023\/12\/Photo-2018-laurents-768x430.webp 768w, https:\/\/triathlondugalondor.com\/wp-content\/uploads\/2023\/12\/Photo-2018-laurents.webp 1440w\" sizes=\"(max-width: 1024px) 100vw, 1024px\" \/>\t\t\t\t\t\t\t\t\t\t\t\t\t\t\t<\/div>\n\t\t\t\t<\/div>\n\t\t\t\t\t<\/div>\n\t\t<\/div>\n\t\t\t\t<div class=\"elementor-column elementor-col-33 elementor-top-column elementor-element elementor-element-b23167d\" data-id=\"b23167d\" data-element_type=\"column\" data-e-type=\"column\">\n\t\t\t<div class=\"elementor-widget-wrap\">\n\t\t\t\t\t\t\t<\/div>\n\t\t<\/div>\n\t\t\t\t\t<\/div>\n\t\t<\/section>\n\t\t\t\t<section class=\"elementor-section elementor-top-section elementor-element elementor-element-653ebcf elementor-section-boxed elementor-section-height-default elementor-section-height-default\" data-id=\"653ebcf\" data-element_type=\"section\" data-e-type=\"section\">\n\t\t\t\t\t\t<div class=\"elementor-container elementor-column-gap-default\">\n\t\t\t\t\t<div class=\"elementor-column elementor-col-100 elementor-top-column elementor-element elementor-element-69d4b59\" data-id=\"69d4b59\" data-element_type=\"column\" data-e-type=\"column\">\n\t\t\t<div class=\"elementor-widget-wrap elementor-element-populated\">\n\t\t\t\t\t\t<div class=\"elementor-element elementor-element-0860112 elementor-widget elementor-widget-spacer\" data-id=\"0860112\" data-element_type=\"widget\" data-e-type=\"widget\" data-widget_type=\"spacer.default\">\n\t\t\t\t<div class=\"elementor-widget-container\">\n\t\t\t\t\t\t\t<div class=\"elementor-spacer\">\n\t\t\t<div class=\"elementor-spacer-inner\"><\/div>\n\t\t<\/div>\n\t\t\t\t\t\t<\/div>\n\t\t\t\t<\/div>\n\t\t\t\t\t<\/div>\n\t\t<\/div>\n\t\t\t\t\t<\/div>\n\t\t<\/section>\n\t\t\t\t<section class=\"elementor-section elementor-top-section elementor-element elementor-element-eb8e815 elementor-section-boxed elementor-section-height-default elementor-section-height-default\" data-id=\"eb8e815\" data-element_type=\"section\" data-e-type=\"section\">\n\t\t\t\t\t\t<div class=\"elementor-container elementor-column-gap-default\">\n\t\t\t\t\t<div class=\"elementor-column elementor-col-100 elementor-top-column elementor-element elementor-element-67c8ab9\" data-id=\"67c8ab9\" data-element_type=\"column\" data-e-type=\"column\">\n\t\t\t<div class=\"elementor-widget-wrap elementor-element-populated\">\n\t\t\t\t\t\t<div class=\"elementor-element elementor-element-e4cf2f0 elementor-widget elementor-widget-text-editor\" data-id=\"e4cf2f0\" data-element_type=\"widget\" data-e-type=\"widget\" data-widget_type=\"text-editor.default\">\n\t\t\t\t<div class=\"elementor-widget-container\">\n\t\t\t\t\t\t\t\t\t<p style=\"background-color: #ffffff; text-align: justify;\">Le<b> Triathlon du Galon D\u2019Or<\/b>, c\u2019est plus qu\u2019une histoire, plus qu\u2019un triathlon. L\u2019aventure n\u00e9e d\u2019une id\u00e9e de Laurents\u2019 x 2, il y a une poign\u00e9e d\u2019ann\u00e9e : faire d\u00e9couvrir un lieu unique et sauvage, battu par les vents, baign\u00e9 et remani\u00e9 par les mar\u00e9es.<\/p><p style=\"background-color: #ffffff; text-align: justify;\">Relier la plage de\u00a0<b>Gatseau<\/b>\u00a0\u00e0 celle du\u00a0<b>Galon D\u2019Or<\/b>\u00a0pour p\u00e9daler sur la\u00a0<strong>C\u00f4te Sauvage<\/strong>\u00a0et courir dans la for\u00eat de la Coubre. Les concurrents d\u00e9couvriront leur \u201cterrain de jeu\u201d lors de l\u2019 acheminement sur l\u2019\u00a0<strong>Ile d\u2019 Ol\u00e9ron<\/strong>\u00a0(<strong>I\u00d8<\/strong>). D\u00e9part\u00a0<strong>natation<\/strong>\u00a0de la\u00a0<strong>plage de Gatseau<\/strong>, arriv\u00e9e sur le continent en\u00a0 +\/- 2 km \u2026 selon la mar\u00e9e\u2026 80 km de <strong>v\u00e9lo<\/strong> sur un parcours multi boucles ferm\u00e9 \u00e0 la circulation. Vous terminerez par 20 km de <strong>course nature<\/strong>\u00a0dans les dunes et la<strong>\u00a0For\u00eat de la Coubre<\/strong>.<\/p><p style=\"background-color: #ffffff; text-align: justify;\">Nous faisons des choix, celui responsable, de prot\u00e9ger et valoriser notre environnement en nous engageant avec l\u2019<b>ONF<\/b>\u00a0\u00e0 replanter des arbres. Celui de s\u2019astreindre (le mot n\u2019est pas assez fort) \u00e0\u00a0<b>z\u00e9ro d\u00e9chet<\/b> sur les parcours. Pour cela nous avons surtout besoin de vous !<\/p><p style=\"background-color: #ffffff; text-align: justify;\">Nous faisons \u00e9galement le choix d\u2019un\u00a0<strong>triathlon durable<\/strong> et raisonnable (nous savons que nous ne voulons pas organiser un championnat du monde \u2026 quoi que \u2026). Le Triathlon du Galon D&rsquo;Or, limit\u00e9 \u00e0 300 participants, incarne notre choix d&rsquo;une approche durable et raisonnable. Nous voulons pr\u00e9server la for\u00eat et vous offrir une \u00e9preuve unique, exceptionnelle !<\/p><p style=\"background-color: #ffffff; text-align: justify;\">Parce que le Triathlon du Galon D\u2019Or, c\u2019est plus qu\u2019un<b>\u00a0triathlon<\/b>\u00a0!<\/p>\t\t\t\t\t\t\t\t<\/div>\n\t\t\t\t<\/div>\n\t\t\t\t\t<\/div>\n\t\t<\/div>\n\t\t\t\t\t<\/div>\n\t\t<\/section>\n\t\t\t\t<section class=\"elementor-section elementor-top-section elementor-element elementor-element-5613934 elementor-section-boxed elementor-section-height-default elementor-section-height-default\" data-id=\"5613934\" data-element_type=\"section\" data-e-type=\"section\" data-settings=\"{&quot;shape_divider_bottom&quot;:&quot;wave-brush&quot;}\">\n\t\t\t\t\t<div class=\"elementor-shape elementor-shape-bottom\" aria-hidden=\"true\" data-negative=\"false\">\n\t\t\t<svg xmlns=\"http:\/\/www.w3.org\/2000\/svg\" viewBox=\"0 0 283.5 27.8\" preserveAspectRatio=\"none\">\n\t<path class=\"elementor-shape-fill\" d=\"M283.5,9.7c0,0-7.3,4.3-14,4.6c-6.8,0.3-12.6,0-20.9-1.5c-11.3-2-33.1-10.1-44.7-5.7\ts-12.1,4.6-18,7.4c-6.6,3.2-20,9.6-36.6,9.3C131.6,23.5,99.5,7.2,86.3,8c-1.4,0.1-6.6,0.8-10.5,2c-3.8,1.2-9.4,3.8-17,4.7\tc-3.2,0.4-8.3,1.1-14.2,0.9c-1.5-0.1-6.3-0.4-12-1.6c-5.7-1.2-11-3.1-15.8-3.7C6.5,9.2,0,10.8,0,10.8V0h283.5V9.7z M260.8,11.3\tc-0.7-1-2-0.4-4.3-0.4c-2.3,0-6.1-1.2-5.8-1.1c0.3,0.1,3.1,1.5,6,1.9C259.7,12.2,261.4,12.3,260.8,11.3z M242.4,8.6\tc0,0-2.4-0.2-5.6-0.9c-3.2-0.8-10.3-2.8-15.1-3.5c-8.2-1.1-15.8,0-15.1,0.1c0.8,0.1,9.6-0.6,17.6,1.1c3.3,0.7,9.3,2.2,12.4,2.7\tC239.9,8.7,242.4,8.6,242.4,8.6z M185.2,8.5c1.7-0.7-13.3,4.7-18.5,6.1c-2.1,0.6-6.2,1.6-10,2c-3.9,0.4-8.9,0.4-8.8,0.5\tc0,0.2,5.8,0.8,11.2,0c5.4-0.8,5.2-1.1,7.6-1.6C170.5,14.7,183.5,9.2,185.2,8.5z M199.1,6.9c0.2,0-0.8-0.4-4.8,1.1\tc-4,1.5-6.7,3.5-6.9,3.7c-0.2,0.1,3.5-1.8,6.6-3C197,7.5,199,6.9,199.1,6.9z M283,6c-0.1,0.1-1.9,1.1-4.8,2.5s-6.9,2.8-6.7,2.7\tc0.2,0,3.5-0.6,7.4-2.5C282.8,6.8,283.1,5.9,283,6z M31.3,11.6c0.1-0.2-1.9-0.2-4.5-1.2s-5.4-1.6-7.8-2C15,7.6,7.3,8.5,7.7,8.6\tC8,8.7,15.9,8.3,20.2,9.3c2.2,0.5,2.4,0.5,5.7,1.6S31.2,11.9,31.3,11.6z M73,9.2c0.4-0.1,3.5-1.6,8.4-2.6c4.9-1.1,8.9-0.5,8.9-0.8\tc0-0.3-1-0.9-6.2-0.3S72.6,9.3,73,9.2z M71.6,6.7C71.8,6.8,75,5.4,77.3,5c2.3-0.3,1.9-0.5,1.9-0.6c0-0.1-1.1-0.2-2.7,0.2\tC74.8,5.1,71.4,6.6,71.6,6.7z M93.6,4.4c0.1,0.2,3.5,0.8,5.6,1.8c2.1,1,1.8,0.6,1.9,0.5c0.1-0.1-0.8-0.8-2.4-1.3\tC97.1,4.8,93.5,4.2,93.6,4.4z M65.4,11.1c-0.1,0.3,0.3,0.5,1.9-0.2s2.6-1.3,2.2-1.2s-0.9,0.4-2.5,0.8C65.3,10.9,65.5,10.8,65.4,11.1\tz M34.5,12.4c-0.2,0,2.1,0.8,3.3,0.9c1.2,0.1,2,0.1,2-0.2c0-0.3-0.1-0.5-1.6-0.4C36.6,12.8,34.7,12.4,34.5,12.4z M152.2,21.1\tc-0.1,0.1-2.4-0.3-7.5-0.3c-5,0-13.6-2.4-17.2-3.5c-3.6-1.1,10,3.9,16.5,4.1C150.5,21.6,152.3,21,152.2,21.1z\"\/>\n\t<path class=\"elementor-shape-fill\" d=\"M269.6,18c-0.1-0.1-4.6,0.3-7.2,0c-7.3-0.7-17-3.2-16.6-2.9c0.4,0.3,13.7,3.1,17,3.3\tC267.7,18.8,269.7,18,269.6,18z\"\/>\n\t<path class=\"elementor-shape-fill\" d=\"M227.4,9.8c-0.2-0.1-4.5-1-9.5-1.2c-5-0.2-12.7,0.6-12.3,0.5c0.3-0.1,5.9-1.8,13.3-1.2\tS227.6,9.9,227.4,9.8z\"\/>\n\t<path class=\"elementor-shape-fill\" d=\"M204.5,13.4c-0.1-0.1,2-1,3.2-1.1c1.2-0.1,2,0,2,0.3c0,0.3-0.1,0.5-1.6,0.4\tC206.4,12.9,204.6,13.5,204.5,13.4z\"\/>\n\t<path class=\"elementor-shape-fill\" d=\"M201,10.6c0-0.1-4.4,1.2-6.3,2.2c-1.9,0.9-6.2,3.1-6.1,3.1c0.1,0.1,4.2-1.6,6.3-2.6\tS201,10.7,201,10.6z\"\/>\n\t<path class=\"elementor-shape-fill\" d=\"M154.5,26.7c-0.1-0.1-4.6,0.3-7.2,0c-7.3-0.7-17-3.2-16.6-2.9c0.4,0.3,13.7,3.1,17,3.3\tC152.6,27.5,154.6,26.8,154.5,26.7z\"\/>\n\t<path class=\"elementor-shape-fill\" d=\"M41.9,19.3c0,0,1.2-0.3,2.9-0.1c1.7,0.2,5.8,0.9,8.2,0.7c4.2-0.4,7.4-2.7,7-2.6\tc-0.4,0-4.3,2.2-8.6,1.9c-1.8-0.1-5.1-0.5-6.7-0.4S41.9,19.3,41.9,19.3z\"\/>\n\t<path class=\"elementor-shape-fill\" d=\"M75.5,12.6c0.2,0.1,2-0.8,4.3-1.1c2.3-0.2,2.1-0.3,2.1-0.5c0-0.1-1.8-0.4-3.4,0\tC76.9,11.5,75.3,12.5,75.5,12.6z\"\/>\n\t<path class=\"elementor-shape-fill\" d=\"M15.6,13.2c0-0.1,4.3,0,6.7,0.5c2.4,0.5,5,1.9,5,2c0,0.1-2.7-0.8-5.1-1.4\tC19.9,13.7,15.7,13.3,15.6,13.2z\"\/>\n<\/svg>\t\t<\/div>\n\t\t\t\t\t<div class=\"elementor-container elementor-column-gap-default\">\n\t\t\t\t\t<div class=\"elementor-column elementor-col-100 elementor-top-column elementor-element elementor-element-e68ba7f\" data-id=\"e68ba7f\" data-element_type=\"column\" data-e-type=\"column\">\n\t\t\t<div class=\"elementor-widget-wrap elementor-element-populated\">\n\t\t\t\t\t\t<div class=\"elementor-element elementor-element-f4f01a8 elementor-widget elementor-widget-spacer\" data-id=\"f4f01a8\" data-element_type=\"widget\" data-e-type=\"widget\" data-widget_type=\"spacer.default\">\n\t\t\t\t<div class=\"elementor-widget-container\">\n\t\t\t\t\t\t\t<div class=\"elementor-spacer\">\n\t\t\t<div class=\"elementor-spacer-inner\"><\/div>\n\t\t<\/div>\n\t\t\t\t\t\t<\/div>\n\t\t\t\t<\/div>\n\t\t\t\t\t<\/div>\n\t\t<\/div>\n\t\t\t\t\t<\/div>\n\t\t<\/section>\n\t\t\t\t<section class=\"elementor-section elementor-top-section elementor-element elementor-element-9e0b050 elementor-section-boxed elementor-section-height-default elementor-section-height-default\" data-id=\"9e0b050\" data-element_type=\"section\" data-e-type=\"section\">\n\t\t\t\t\t\t<div class=\"elementor-container elementor-column-gap-default\">\n\t\t\t\t\t<div class=\"elementor-column elementor-col-100 elementor-top-column elementor-element elementor-element-ad664e8\" data-id=\"ad664e8\" data-element_type=\"column\" data-e-type=\"column\">\n\t\t\t<div class=\"elementor-widget-wrap elementor-element-populated\">\n\t\t\t\t\t\t<div class=\"elementor-element elementor-element-cf99d7b elementor-align-center elementor-widget elementor-widget-button\" data-id=\"cf99d7b\" data-element_type=\"widget\" data-e-type=\"widget\" data-widget_type=\"button.default\">\n\t\t\t\t<div class=\"elementor-widget-container\">\n\t\t\t\t\t\t\t\t\t<div class=\"elementor-button-wrapper\">\n\t\t\t\t\t<a class=\"elementor-button elementor-button-link elementor-size-xl\" href=\"https:\/\/triathlondugalondor.com\/\">\n\t\t\t\t\t\t<span class=\"elementor-button-content-wrapper\">\n\t\t\t\t\t\t\t\t\t<span class=\"elementor-button-text\">Accueil<\/span>\n\t\t\t\t\t<\/span>\n\t\t\t\t\t<\/a>\n\t\t\t\t<\/div>\n\t\t\t\t\t\t\t\t<\/div>\n\t\t\t\t<\/div>\n\t\t\t\t\t<\/div>\n\t\t<\/div>\n\t\t\t\t\t<\/div>\n\t\t<\/section>\n\t\t\t\t<\/div>\n\t\t","protected":false},"excerpt":{"rendered":"<p>LE Triathlon du Galon D&rsquo;Or Le Triathlon du Galon D\u2019Or, c\u2019est plus qu\u2019une histoire, plus qu\u2019un triathlon. L\u2019aventure n\u00e9e d\u2019une id\u00e9e de Laurents\u2019 x 2, il y a une poign\u00e9e d\u2019ann\u00e9e : faire d\u00e9couvrir un lieu unique et sauvage, battu par les vents, baign\u00e9 et remani\u00e9 par les mar\u00e9es. Relier la plage de\u00a0Gatseau\u00a0\u00e0 celle du\u00a0Galon [&hellip;]<\/p>\n","protected":false},"author":1,"featured_media":0,"parent":0,"menu_order":0,"comment_status":"closed","ping_status":"closed","template":"","meta":{"footnotes":""},"class_list":["post-6022","page","type-page","status-publish","hentry"],"yoast_head":"<!-- This site is optimized with the Yoast SEO plugin v27.4 - https:\/\/yoast.com\/product\/yoast-seo-wordpress\/ -->\n<title>Origine - Triathlon du Galon D&#039;or<\/title>\n<meta name=\"description\" content=\"Origine : Le\u202fTriathlon du Galon d\u2019Or, c\u2019est plus qu\u2019une histoire, plus qu\u2019un triathlon ...\" \/>\n<meta name=\"robots\" content=\"index, follow, max-snippet:-1, max-image-preview:large, max-video-preview:-1\" \/>\n<link rel=\"canonical\" href=\"https:\/\/triathlondugalondor.com\/index.php\/triathlon-galon-or-origine-natation-velo-course-a-pied-competition\/\" \/>\n<meta property=\"og:locale\" content=\"fr_FR\" \/>\n<meta property=\"og:type\" content=\"article\" \/>\n<meta property=\"og:title\" content=\"Origine - Triathlon du Galon D&#039;or\" \/>\n<meta property=\"og:description\" content=\"Origine : Le\u202fTriathlon du Galon d\u2019Or, c\u2019est plus qu\u2019une histoire, plus qu\u2019un triathlon ...\" \/>\n<meta property=\"og:url\" content=\"https:\/\/triathlondugalondor.com\/index.php\/triathlon-galon-or-origine-natation-velo-course-a-pied-competition\/\" \/>\n<meta property=\"og:site_name\" content=\"Triathlon du Galon D&#039;or\" \/>\n<meta property=\"article:publisher\" content=\"https:\/\/www.facebook.com\/p\/Triathlon-du-Galon-dOr-100054598832582\/?locale=fr_FR\" \/>\n<meta property=\"article:modified_time\" content=\"2026-03-15T18:31:57+00:00\" \/>\n<meta property=\"og:image\" content=\"https:\/\/triathlondugalondor.com\/wp-content\/uploads\/2023\/12\/Photo-2018-laurents.webp\" \/>\n\t<meta property=\"og:image:width\" content=\"1440\" \/>\n\t<meta property=\"og:image:height\" content=\"807\" \/>\n\t<meta property=\"og:image:type\" content=\"image\/webp\" \/>\n<meta name=\"twitter:card\" content=\"summary_large_image\" \/>\n<meta name=\"twitter:label1\" content=\"Dur\u00e9e de lecture estim\u00e9e\" \/>\n\t<meta name=\"twitter:data1\" content=\"2 minutes\" \/>\n<script type=\"application\/ld+json\" class=\"yoast-schema-graph\">{\"@context\":\"https:\\\/\\\/schema.org\",\"@graph\":[{\"@type\":\"WebPage\",\"@id\":\"https:\\\/\\\/triathlondugalondor.com\\\/index.php\\\/triathlon-galon-or-origine-natation-velo-course-a-pied-competition\\\/\",\"url\":\"https:\\\/\\\/triathlondugalondor.com\\\/index.php\\\/triathlon-galon-or-origine-natation-velo-course-a-pied-competition\\\/\",\"name\":\"Origine - Triathlon du Galon D&#039;or\",\"isPartOf\":{\"@id\":\"https:\\\/\\\/triathlondugalondor.com\\\/#website\"},\"primaryImageOfPage\":{\"@id\":\"https:\\\/\\\/triathlondugalondor.com\\\/index.php\\\/triathlon-galon-or-origine-natation-velo-course-a-pied-competition\\\/#primaryimage\"},\"image\":{\"@id\":\"https:\\\/\\\/triathlondugalondor.com\\\/index.php\\\/triathlon-galon-or-origine-natation-velo-course-a-pied-competition\\\/#primaryimage\"},\"thumbnailUrl\":\"https:\\\/\\\/triathlondugalondor.com\\\/wp-content\\\/uploads\\\/2023\\\/12\\\/Photo-2018-laurents-1024x574.webp\",\"datePublished\":\"2023-11-23T16:15:22+00:00\",\"dateModified\":\"2026-03-15T18:31:57+00:00\",\"description\":\"Origine : Le\u202fTriathlon du Galon d\u2019Or, c\u2019est plus qu\u2019une histoire, plus qu\u2019un triathlon ...\",\"breadcrumb\":{\"@id\":\"https:\\\/\\\/triathlondugalondor.com\\\/index.php\\\/triathlon-galon-or-origine-natation-velo-course-a-pied-competition\\\/#breadcrumb\"},\"inLanguage\":\"fr-FR\",\"potentialAction\":[{\"@type\":\"ReadAction\",\"target\":[\"https:\\\/\\\/triathlondugalondor.com\\\/index.php\\\/triathlon-galon-or-origine-natation-velo-course-a-pied-competition\\\/\"]}]},{\"@type\":\"ImageObject\",\"inLanguage\":\"fr-FR\",\"@id\":\"https:\\\/\\\/triathlondugalondor.com\\\/index.php\\\/triathlon-galon-or-origine-natation-velo-course-a-pied-competition\\\/#primaryimage\",\"url\":\"https:\\\/\\\/triathlondugalondor.com\\\/wp-content\\\/uploads\\\/2023\\\/12\\\/Photo-2018-laurents.webp\",\"contentUrl\":\"https:\\\/\\\/triathlondugalondor.com\\\/wp-content\\\/uploads\\\/2023\\\/12\\\/Photo-2018-laurents.webp\",\"width\":1440,\"height\":807,\"caption\":\"Photo-2018 laurent's\"},{\"@type\":\"BreadcrumbList\",\"@id\":\"https:\\\/\\\/triathlondugalondor.com\\\/index.php\\\/triathlon-galon-or-origine-natation-velo-course-a-pied-competition\\\/#breadcrumb\",\"itemListElement\":[{\"@type\":\"ListItem\",\"position\":1,\"name\":\"Accueil\",\"item\":\"https:\\\/\\\/triathlondugalondor.com\\\/\"},{\"@type\":\"ListItem\",\"position\":2,\"name\":\"Origine\"}]},{\"@type\":\"WebSite\",\"@id\":\"https:\\\/\\\/triathlondugalondor.com\\\/#website\",\"url\":\"https:\\\/\\\/triathlondugalondor.com\\\/\",\"name\":\"Triathlon du Galon D'or\",\"description\":\"CopyrightTriatlhongalondor2022\",\"publisher\":{\"@id\":\"https:\\\/\\\/triathlondugalondor.com\\\/#organization\"},\"potentialAction\":[{\"@type\":\"SearchAction\",\"target\":{\"@type\":\"EntryPoint\",\"urlTemplate\":\"https:\\\/\\\/triathlondugalondor.com\\\/?s={search_term_string}\"},\"query-input\":{\"@type\":\"PropertyValueSpecification\",\"valueRequired\":true,\"valueName\":\"search_term_string\"}}],\"inLanguage\":\"fr-FR\"},{\"@type\":\"Organization\",\"@id\":\"https:\\\/\\\/triathlondugalondor.com\\\/#organization\",\"name\":\"Triathlon du Galon D'or\",\"url\":\"https:\\\/\\\/triathlondugalondor.com\\\/\",\"logo\":{\"@type\":\"ImageObject\",\"inLanguage\":\"fr-FR\",\"@id\":\"https:\\\/\\\/triathlondugalondor.com\\\/#\\\/schema\\\/logo\\\/image\\\/\",\"url\":\"https:\\\/\\\/triathlondugalondor.com\\\/wp-content\\\/uploads\\\/2024\\\/05\\\/cropped-Design-sans-titre-_1_.webp\",\"contentUrl\":\"https:\\\/\\\/triathlondugalondor.com\\\/wp-content\\\/uploads\\\/2024\\\/05\\\/cropped-Design-sans-titre-_1_.webp\",\"width\":300,\"height\":140,\"caption\":\"Triathlon du Galon D'or\"},\"image\":{\"@id\":\"https:\\\/\\\/triathlondugalondor.com\\\/#\\\/schema\\\/logo\\\/image\\\/\"},\"sameAs\":[\"https:\\\/\\\/www.facebook.com\\\/p\\\/Triathlon-du-Galon-dOr-100054598832582\\\/?locale=fr_FR\"]}]}<\/script>\n<!-- \/ Yoast SEO plugin. -->","yoast_head_json":{"title":"Origine - Triathlon du Galon D&#039;or","description":"Origine : Le\u202fTriathlon du Galon d\u2019Or, c\u2019est plus qu\u2019une histoire, plus qu\u2019un triathlon ...","robots":{"index":"index","follow":"follow","max-snippet":"max-snippet:-1","max-image-preview":"max-image-preview:large","max-video-preview":"max-video-preview:-1"},"canonical":"https:\/\/triathlondugalondor.com\/index.php\/triathlon-galon-or-origine-natation-velo-course-a-pied-competition\/","og_locale":"fr_FR","og_type":"article","og_title":"Origine - Triathlon du Galon D&#039;or","og_description":"Origine : Le\u202fTriathlon du Galon d\u2019Or, c\u2019est plus qu\u2019une histoire, plus qu\u2019un triathlon ...","og_url":"https:\/\/triathlondugalondor.com\/index.php\/triathlon-galon-or-origine-natation-velo-course-a-pied-competition\/","og_site_name":"Triathlon du Galon D&#039;or","article_publisher":"https:\/\/www.facebook.com\/p\/Triathlon-du-Galon-dOr-100054598832582\/?locale=fr_FR","article_modified_time":"2026-03-15T18:31:57+00:00","og_image":[{"width":1440,"height":807,"url":"https:\/\/triathlondugalondor.com\/wp-content\/uploads\/2023\/12\/Photo-2018-laurents.webp","type":"image\/webp"}],"twitter_card":"summary_large_image","twitter_misc":{"Dur\u00e9e de lecture estim\u00e9e":"2 minutes"},"schema":{"@context":"https:\/\/schema.org","@graph":[{"@type":"WebPage","@id":"https:\/\/triathlondugalondor.com\/index.php\/triathlon-galon-or-origine-natation-velo-course-a-pied-competition\/","url":"https:\/\/triathlondugalondor.com\/index.php\/triathlon-galon-or-origine-natation-velo-course-a-pied-competition\/","name":"Origine - Triathlon du Galon D&#039;or","isPartOf":{"@id":"https:\/\/triathlondugalondor.com\/#website"},"primaryImageOfPage":{"@id":"https:\/\/triathlondugalondor.com\/index.php\/triathlon-galon-or-origine-natation-velo-course-a-pied-competition\/#primaryimage"},"image":{"@id":"https:\/\/triathlondugalondor.com\/index.php\/triathlon-galon-or-origine-natation-velo-course-a-pied-competition\/#primaryimage"},"thumbnailUrl":"https:\/\/triathlondugalondor.com\/wp-content\/uploads\/2023\/12\/Photo-2018-laurents-1024x574.webp","datePublished":"2023-11-23T16:15:22+00:00","dateModified":"2026-03-15T18:31:57+00:00","description":"Origine : Le\u202fTriathlon du Galon d\u2019Or, c\u2019est plus qu\u2019une histoire, plus qu\u2019un triathlon ...","breadcrumb":{"@id":"https:\/\/triathlondugalondor.com\/index.php\/triathlon-galon-or-origine-natation-velo-course-a-pied-competition\/#breadcrumb"},"inLanguage":"fr-FR","potentialAction":[{"@type":"ReadAction","target":["https:\/\/triathlondugalondor.com\/index.php\/triathlon-galon-or-origine-natation-velo-course-a-pied-competition\/"]}]},{"@type":"ImageObject","inLanguage":"fr-FR","@id":"https:\/\/triathlondugalondor.com\/index.php\/triathlon-galon-or-origine-natation-velo-course-a-pied-competition\/#primaryimage","url":"https:\/\/triathlondugalondor.com\/wp-content\/uploads\/2023\/12\/Photo-2018-laurents.webp","contentUrl":"https:\/\/triathlondugalondor.com\/wp-content\/uploads\/2023\/12\/Photo-2018-laurents.webp","width":1440,"height":807,"caption":"Photo-2018 laurent's"},{"@type":"BreadcrumbList","@id":"https:\/\/triathlondugalondor.com\/index.php\/triathlon-galon-or-origine-natation-velo-course-a-pied-competition\/#breadcrumb","itemListElement":[{"@type":"ListItem","position":1,"name":"Accueil","item":"https:\/\/triathlondugalondor.com\/"},{"@type":"ListItem","position":2,"name":"Origine"}]},{"@type":"WebSite","@id":"https:\/\/triathlondugalondor.com\/#website","url":"https:\/\/triathlondugalondor.com\/","name":"Triathlon du Galon D'or","description":"CopyrightTriatlhongalondor2022","publisher":{"@id":"https:\/\/triathlondugalondor.com\/#organization"},"potentialAction":[{"@type":"SearchAction","target":{"@type":"EntryPoint","urlTemplate":"https:\/\/triathlondugalondor.com\/?s={search_term_string}"},"query-input":{"@type":"PropertyValueSpecification","valueRequired":true,"valueName":"search_term_string"}}],"inLanguage":"fr-FR"},{"@type":"Organization","@id":"https:\/\/triathlondugalondor.com\/#organization","name":"Triathlon du Galon D'or","url":"https:\/\/triathlondugalondor.com\/","logo":{"@type":"ImageObject","inLanguage":"fr-FR","@id":"https:\/\/triathlondugalondor.com\/#\/schema\/logo\/image\/","url":"https:\/\/triathlondugalondor.com\/wp-content\/uploads\/2024\/05\/cropped-Design-sans-titre-_1_.webp","contentUrl":"https:\/\/triathlondugalondor.com\/wp-content\/uploads\/2024\/05\/cropped-Design-sans-titre-_1_.webp","width":300,"height":140,"caption":"Triathlon du Galon D'or"},"image":{"@id":"https:\/\/triathlondugalondor.com\/#\/schema\/logo\/image\/"},"sameAs":["https:\/\/www.facebook.com\/p\/Triathlon-du-Galon-dOr-100054598832582\/?locale=fr_FR"]}]}},"_links":{"self":[{"href":"https:\/\/triathlondugalondor.com\/index.php\/wp-json\/wp\/v2\/pages\/6022","targetHints":{"allow":["GET"]}}],"collection":[{"href":"https:\/\/triathlondugalondor.com\/index.php\/wp-json\/wp\/v2\/pages"}],"about":[{"href":"https:\/\/triathlondugalondor.com\/index.php\/wp-json\/wp\/v2\/types\/page"}],"author":[{"embeddable":true,"href":"https:\/\/triathlondugalondor.com\/index.php\/wp-json\/wp\/v2\/users\/1"}],"replies":[{"embeddable":true,"href":"https:\/\/triathlondugalondor.com\/index.php\/wp-json\/wp\/v2\/comments?post=6022"}],"version-history":[{"count":91,"href":"https:\/\/triathlondugalondor.com\/index.php\/wp-json\/wp\/v2\/pages\/6022\/revisions"}],"predecessor-version":[{"id":12432,"href":"https:\/\/triathlondugalondor.com\/index.php\/wp-json\/wp\/v2\/pages\/6022\/revisions\/12432"}],"wp:attachment":[{"href":"https:\/\/triathlondugalondor.com\/index.php\/wp-json\/wp\/v2\/media?parent=6022"}],"curies":[{"name":"wp","href":"https:\/\/api.w.org\/{rel}","templated":true}]}}